7*k - 3. Let c(d) = j*h(d) - 3*t(d). Calculate c(5).
8
Let q(y) be the first derivative of -y**3/3 + 9*y**2 + 7. Let a be q(18). Let f(i) = i**3 - i**2 + i - 3. Determine f(a).
-3
Let q = -1 - -3. Suppose 17 = -m - 4*l, q*m - 5*l = 3*m + 20. Let f(k) = 5*k - 9. Let p(v) = 2*v - 4. Let w(g) = 3*f(g) - 7*p(g). Give w(m).
-4
Let b(g) be the third derivative of 4*g**2 - 1/360*g**6 - 1/24*g**5 - 13/6*g**3 + 0*g - 7/24*g**4 + 0. Let o(l) be the first derivative of b(l). Give o(-5).
-7
Let z(y) = y - 1. Let p be (-3 - 5/(-2))*30/3. Let b(a) = -a + 8. Let t(d) = 3*d - 23. Let s(l) = 17*b(l) + 6*t(l). Let f(h) = p*z(h) + 4*s(h). Give f(-2).
-1
Let f(q) = 5*q + 1. Let o(h) = 3*h - 4. Let j be o(2). Let r be j/(-10) - (-122)/10. Suppose 2*i + 4*p = -0*i + 14, 0 = 4*p - r. Calculate f(i).
6
Let v be 3 + 2/3*-12. Let r(c) = c + 19 - 5 - 11. Calculate r(v).
-2
Let a(f) = f**2 + 7*f + 4. Let k(s) = -5*s**2 + 10*s - 7. Let m be k(2). Give a(m).
4
Let t(h) be the first derivative of -h**4/4 + 2*h**3 - 3*h**2 - 372. Determine t(5).
-5
Let x(d) = -3 + 5*d + 0*d**3 + d**3 + 9*d - 4*d - 7*d. Calculate x(3).
33
Let k(d) = -4*d**2 + 3*d - 5. Let z(w) = -w**2 + w - 2. Let p(g) = -2*k(g) + 7*z(g). Let x(i) = i - 3*i - i**2 + 4*i + 5. Let t be x(4). Calculate p(t).
2
Let z(l) = l**3 - 4*l**2 - 2*l - 6. Let t be z(6). Let h(u) = -106*u + t*u - 12 + u**2 + 52*u. Give h(0).
-12
Let m(s) be the third derivative of -s**5/60 - s**4/24 + s**3/6 - 2*s**2 - 325*s. Suppose -4*x - 3*v - 11 = 0, -x + 0*v = -3*v - 16. What is m(x)?
-1
Let c(n) = -n**2 - 12*n - 13. Let u = 360 + -370. Give c(u).
7
Let i(r) = 5*r + 7 - 2 - 1 - 2. Suppose -4*j = -2*g - 14, 4*g + 1 = -3*j - 5. What is i(j)?
12
Let a(o) be the second derivative of -o**3/6 - 2*o**2 + 8*o. Let h be a(-11). Let n = h + -1. Let y(m) = m - 1. Give y(n).
5
Let k be (0 - (-42)/(-36)) + (-2)/(-12). Let r(y) = -4*y**3 - 2*y**2 - y. Determine r(k).
3
Suppose -4*t = 6 - 2. Let r(h) = -19*h**2 + h. Calculate r(t).
-20
Let r(u) = u**3 + 13*u**2 - 10*u + 14. Let h(a) = -a**3 - a**2 - a - 1. Let m(y) = -2*h(y) - r(y). Calculate m(10).
8
Let f(b) = -3529 + 1762 + 1757 + 2*b. Determine f(17).
24
Let j be 7/(-1) + (-8 - -17). Let u(g) = 2*g + 2. Calculate u(j).
6
Let m(y) = 2*y + 1. Let l be ((-2)/(-4))/((-30)/(-12) - 2). Suppose 0 = 3*i - l - 8. Calculate m(i).
7
Let f(j) be the first derivative of j**4/4 + j**3/3 - j + 10. Let t(q) = -6*q**3 - 4*q**2 - q + 6. Let x(c) = 5*f(c) + t(c). Give x(1).
0
Let m be (-33)/(-5) + 54/(-90). Suppose 5*h = 5*y + 30, -m*y + 2*y - 15 = -h. Let o(q) = -q**3 - 3*q**2 + 2*q - 1. Calculate o(y).
-7
Let h(l) = 8*l + 2. Let s = 392 - 390. Give h(s).
18
Let s(i) = -i**3 - 10*i**2 - 19*i - 27. Let g be s(-8). Let f(k) = k**3 + 4*k**2 - k - 2. Calculate f(g).
10
Let k(d) be the second derivative of d**3/3 - 9*d**2/2 + 2*d - 27. Give k(8).
7
Let l = 153 - 151. Let i(m) = 3 - 2 + l*m + m - m. Let x be -1 - 1*6/(-2). Determine i(x).
5
Let b(v) = v + 13. Let c(m) = -5*m - 120. Let u(x) = -8*b(x) - c(x). Calculate u(9).
-11
Let g = 19 - 13. Let y(d) = d**3 - 6*d**2 - 3. What is y(g)?
-3
Let o(w) = 3*w**2 + 4*w + 3. Let q(s) = 31*s + 1. Let z be q(2). Let p = 61 - z. Give o(p).
7
Let y(q) = -q. Let n be (-1 + 7)/1 - 567/63. Give y(n).
3
Let r(y) = -y**2 + 4*y. Suppose -5*q + 0*q + 55 = 0. Let p(m) = m - 2. Let n(d) = -d + 1. Let b(i) = 4*n(i) + 5*p(i). Let h be b(q). Calculate r(h).
-5
Let f be -6*-2*16/6. Let v be (-24)/f - 2/8. Let y be -3 + (-1)/(1/v). Let p(b) = b**2 + 2*b + 2. What is p(y)?
2
Let t(s) = s**2 - 6*s - 4. Suppose 242 = 12*p + 62. Suppose j - 21 = -3*b, b + b - p = -j. What is t(b)?
-4
Let c(m) be the first derivative of 3*m**4/2 + 2*m**3/3 + m**2 + m + 17. Let l(b) = -b + 2. Let d be l(3). Calculate c(d).
-5
Suppose 3*l - 6 = 0, 4*r + 10 = -l + 4*l. Let v(u) = 3*u + 9*u**2 - u**2 - 3*u**2 - 4*u. Give v(r).
6
Suppose 0 = 3*v - 2*v + 105. Let n = v - -105. Let g(p) = 2*p - 6. Give g(n).
-6
Let q = -11 - -11. Let k(g) = -g - 1 + 0 - 5 + q. Let c(a) = 1. Let y(i) = 6*c(i) + k(i). Determine y(-7).
7
Let i(q) = -q**3 - 6*q**2 - 6*q - 5. Let l be i(-5). Let m(c) be the first derivative of c**4/4 - c**3/3 + 7*c + 639. Calculate m(l).
7
Let u(p) = -p**2 - 3*p + 2. Let n(q) = -q**2 - 3*q + 1. Let i be (-14)/8 + 1 + (-45)/(-12). Let a(t) = i*u(t) - 4*n(t). Calculate a(-4).
6
Let m be ((-12)/18)/(-1*(-2)/(-6)). Suppose -7*b = -m*b + 5. Let h(z) = 2*z. What is h(b)?
-2
Let q(m) be the second derivative of 0 - 1/3*m**3 + 0*m**2 + 1/12*m**4 + 3*m + 1/120*m**5. Let o(r) be the second derivative of q(r). What is o(-4)?
-2
Let h(z) = z**2 + 3*z - 4. Let d be 5423/(-121) + (-2)/11. Let f = -49 - d. Give h(f).
0
Let i = 103 - 99. Let f(z) = -4*z + 7*z - i*z + 22. Calculate f(11).
11
Let d(l) = l + 3. Let w be d(-2). Let k(h) be the second derivative of -h**5 + h**3/6 - h**2/2 + 25*h. Give k(w).
-20
Let c(l) be the first derivative of -l**4/4 + 7*l**3/3 - l**2/2 - 6*l + 291. What is c(6)?
24
Let h(f) = 6*f + 17. Let j(v) = -2*v - 6. Let t(l) = -6*h(l) - 17*j(l). Suppose 2*o - 15 = -i, -4*i + 20 = -0*i. Determine t(o).
-10
Let x(k) be the second derivative of k**6/720 - k**5/40 - 9*k**4/4 + 48*k. Let u(q) be the third derivative of x(q). What is u(6)?
3
Let p = 1020 + -1016. Let y(f) = -2*f**2 + 9*f - 9. What is y(p)?
-5
Let i(j) = 2*j + 37. Let m be i(-18). Let c(y) be the second derivative of 6*y**5/5 - y**4/12 - y**3/6 + y**2/2 - y + 3. Determine c(m).
23
Suppose 4*r - 2*y = 48, 5*y + 7 + 9 = 2*r. Let o(b) = b**2 + 10*b + 1 - r*b + 7*b - b**3. What is o(3)?
-5
Let u be 45/7 - 6/14. Let r(x) = 2 + 8*x - x**2 - 11 + 3 - 1. Give r(u).
5
Let o(u) = u**2 - 11*u + 5. Suppose 2*r - 154 = -12*r. Calculate o(r).
5
Let t(k) = -8*k - 56. Let a(r) = r + 7. Let z(j) = -18*a(j) - 2*t(j). What is z(0)?
-14
Let a(l) = l + 201*l**3 - 2 + 7 - 202*l**3 + l**2. Suppose -h + 5 = w, -4*h = -3*w + w + 10. Let d be a(h). Let n(q) = q**2 - 5*q + 5. Give n(d).
5
Let t(d) be the first derivative of -d**4 - 2*d**3/3 - d**2 - d - 7. Let h be t(-1). Suppose -h*k + 0*k = 15. Let x(l) = -l**2 - 5*l + 3. Calculate x(k).
3
Let b(a) = 5*a - 4 + 13 - 11. Calculate b(3).
13
Let q(r) = r**3 - 6*r**2 - 12*r + 7. Let s be 546/70 + (-1)/(-5). Calculate q(s).
39
Let o = 90 - 81. Let q(j) = j**3 - 11*j**2 + 19*j - 4. Give q(o).
5
Let u(k) = k. Suppose 4*t - 52 = -m - 17, t - 2*m = 2. Suppose -t*a - 6 = 10. Give u(a).
-2
Let t(y) = 3*y + 8. Let z = -836 - -829. Give t(z).
-13
Let y(i) = -i**3 + 5*i**2 - 3*i - 1. Let d(x) = -x**3 + 7*x**2 - 3*x + 7. Let u be d(6). Let k = 30 - u. What is y(k)?
-16
Let n(g) be the second derivative of -7*g**3/2 + g**2 - 50*g. Calculate n(1).
-19
Let y(h) = h**2 + 10*h - 2. Let m(q) = 2*q**2 + 19*q - 3. Let c(z) = 3*m(z) - 5*y(z). Suppose -110 = 77*b + 198. Calculate c(b).
-11
Let v(a) = -a**2 + 13*a + 16. Let y be v(14). Let w(g) = -3*g**2 + g - 1640*g**3 + 2 + 1642*g**3 - 2*g. Determine w(y).
4
Let p(a) = a**3 + 8*a**2 + 6*a - 1. Let i be ((-6)/(-18))/((-1)/21). Determine p(i).
6
Let l(m) = m**2 - 5*m + 4. Suppose 3 = a - 1. Let w(g) = -g**3 + 5*g**2 - 3*g - 1. Let h be w(a). Calculate l(h).
-2
Let q(y) = y + 6. Let d be q(-3). Suppose -4*u - 5*t = -41, 2*t + 5 = d*t. Suppose 18 = k - 5*k + 2*s, -u*k - 12 = 4*s. Let c(r) = r + 1. Give c(k).
-3
Let c(m) = 10*m**3 + 2*m**2 + 3*m. Suppose 0 = -5*t - 3*g + 20, t = 2*t - 4*g + 19. Let x(a) = a**3 + a - 1. Let u(k) = t*c(k) - x(k). Calculate u(-1).
-8
Let m(f) be the first derivative of 1/20*f**5 - 1/3*f**4 - 1/2*f**2 + 1/6*f**3 - 1 - f. Let y(p) be the first derivative of m(p). Calculate y(4).
3
Let o(y) = y**2 - 8*y - 1. Suppose -7*l + 4*h = -2*l - 42, l - 21 = 5*h. What is o(l)?
-13
Let m(b) = 3*b**2 + b. Let q be m(-1). Let l be 6*(1 + q + -2). Let r(g) = g**2 - 6*g + 7. Determine r(l).
7
Suppose -5*m - 6*s + s = -30, -5*s = -10. Let h(j) be the second derivative of -j**3/6 + j**2/2 - 2637*j. Give h(m).
-3
Suppose 44*w - w + 5*w = 0. Let c(v) = -v**2 + 13. What is c(w)?
13
Let p(r) = -2*r**3 - 4*r**2 + 5*r - 17. Let z(q) = -q**3 - 3*q**2 + 2*q - 9. Let k(o) = 3*p(o) - 7*z(o). Determine k(-9).
3
Let f(w) = 3*w**2 - 2*w + 5. Let g(v) = 5*v**2 - 3*v + 6. Let l(a) = -3*f(a) + 2*g(a). Calculate l(5).
22
Let m(s) = s**3 + 8*s**2 + 9*s + 8. Let v = 244 - 251. Calculate m(v).
-6
Le